usands digit of 54061?
5
What is the tens digit of 87010?
1
What is the hundreds digit of 2682?
6
What is the units digit of 1421?
1
What is the ten thousands digit of 25701?
2
What is the thousands digit of 2406?
2
What is the thousands digit of 23655?
3
What is the units digit of 264?
4
What is the hundreds digit of 29609?
6
What is the units digit of 33815?
5
What is the tens digit of 1585?
8
What is the tens digit of 1488?
8
What is the tens digit of 54940?
4
What is the hundreds digit of 1726?
7
What is the hundreds digit of 40886?
8
What is the hundreds digit of 42459?
4
What is the tens digit of 248?
4
What is the units digit of 5913?
3
What is the hundreds digit of 840?
8
What is the units digit of 7748?
8
What is the hundreds digit of 2064?
0
What is the hundreds digit of 3974?
9
What is the tens digit of 897?
9
What is the ten thousands digit of 29150?
2
What is the hundreds digit of 1303?
3
What is the hundreds digit of 551?
5
What is the ten thousands digit of 13925?
1
What is the hundreds digit of 17662?
6
What is the tens digit of 253?
5
What is the units digit of 7450?
0
What is the units digit of 2778?
8
What is the thousands digit of 7480?
7
What is the ten thousands digit of 14462?
1
What is the hundreds digit of 4950?
9
What is the hundreds digit of 10925?
9
What is the hundreds digit of 127500?
5
What is the tens digit of 70440?
4
What is the ten thousands digit of 14784?
1
What is the units digit of 181?
1
What is the hundreds digit of 4481?
4
What is the hundreds digit of 1592?
5
What is the units digit of 3853?
3
What is the tens digit of 1511?
1
What is the ten thousands digit of 88160?
8
What is the tens digit of 535?
3
What is the hundreds digit of 62421?
4
What is the hundreds digit of 310?
3
What is the units digit of 2310?
0
What is the hundreds digit of 1355?
3
What is the tens digit of 85986?
8
What is the tens digit of 1191?
9
What is the hundreds digit of 302?
3
What is the units digit of 4898?
8
What is the units digit of 306?
6
What is the tens digit of 34290?
9
What is the thousands digit of 6157?
6
What is the ten thousands digit of 63001?
6
What is the units digit of 11041?
1
What is the units digit of 4955?
5
What is the tens digit of 2701?
0
What is the ten thousands digit of 153227?
5
What is the tens digit of 7295?
9
What is the units digit of 66756?
6
What is the ten thousands digit of 16729?
1
What is the hundreds digit of 1180?
1
What is the hundreds digit of 318?
3
What is the tens digit of 138480?
8
What is the units digit of 397?
7
What is the hundreds digit of 561?
5
What is the units digit of 1680?
0
What is the thousands digit of 34756?
4
What is the tens digit of 5270?
7
What is the tens digit of 282?
8
What is the units digit of 138481?
1
What is the tens digit of 131?
3
What is the thousands digit of 8940?
8
What is the ten thousands digit of 58998?
5
What is the units digit of 19627?
7
What is the hundreds digit of 2731?
7
What is the units digit of 956?
6
What is the thousands digit of 8907?
8
What is the units digit of 54?
4
What is the tens digit of 1027?
2
What is the thousands digit of 1071?
1
What is the hundreds digit of 55464?
4
What is the ten thousands digit of 54722?
5
What is the hundreds digit of 820?
8
What is the units digit of 1532?
2
What is the units digit of 1665?
5
What is the tens digit of 1121?
2
What is the hundreds digit of 4418?
4
What is the hundreds digit of 5338?
3
What is the units digit of 104?
4
What is the units digit of 43?
3
What is the tens digit of 48040?
4
What is the thousands digit of 1133?
1
What is the hundreds digit of 81948?
9
What is the units digit of 23950?
0
What is the tens digit of 354?
5
What is the tens digit of 1517?
1
What is the tens digit of 38145?
4
What is the hundreds digit of 64422?
4
What is the hundreds digit of 987?
9
What is the units digit of 3751?
1
What is the hundreds digit of 920?
9
What is the hundreds digit of 2598?
5
What is the thousands digit of 122186?
2
What is the ten thousands digit of 15979?
1
What is the units digit of 10582?
2
What is the thousands digit of 1783?
1
What is the hundreds digit of 8152?
1
What is the hundreds digit of 26228?
2
What is the tens digit of 38?
3
What is the hundreds digit of 5403?
4
What is the hundreds digit of 830?
8
What is the thousands digit of 1600?
1
What is the hundreds digit of 678?
6
What is the tens digit of 4836?
3
What is the thousands digit of 14328?
4
What is the units digit of 46829?
9
What is the thousands digit of 3100?
3
What is the tens digit of 1017?
1
What is the tens digit of 1271?
7
What is the thousands digit of 91043?
1
What is the hundreds digit of 38412?
4
What is the units digit of 7590?
0
What is the tens digit of 18425?
2
What is the units digit of 2288?
8
What is the thousands digit of 5548?
5
What is the tens digit of 57494?
9
What is the hundreds digit of 1361?
3
What is the hundreds digit of 1596?
5
What is the tens digit of 3853?
5
What is the tens digit of 3203?
0
What is the tens digit of 1390?
9
What is the hundreds digit of 415?
4
What is the units digit of 4625?
5
What is the hundreds digit of 6278?
2
What is the units digit of 1048?
8
What is the units digit of 9353?
3
What is the tens digit of 973?
7
What is the hundreds digit of 51977?
9
What is the thousands digit of 95257?
5
What is the thousands digit of 4682?
4
What is the units digit of 1?
1
What is the tens digit of 4802?
0
What is the units digit of 8139?
9
What is the units digit of 28427?
7
What is the thousands digit of 7137?
7
What is the tens digit of 19504?
0
What is the tens digit of 10136?
3
What is the ten thousands digit of 16861?
1
What is the ten thousands digit of 42555?
4
What is the tens digit of 33761?
6
What is the hundreds digit of 25145?
1
What is the hundreds digit of 5217?
2
What is the hundreds digit of 669?
6
What is the tens digit of 8631?
3
What is the units digit of 3736?
6
What is the hundreds digit of 1898?
8
What is the units digit of 949?
9
What is the hundreds digit of 64506?
5
What is the units digit of 5894?
4
What is the tens digit of 2054?
5
What is the hundreds digit of 23105?
1
What is the thousands digit of 2818?
2
What is the thousands digit of 1039?
1
What is the hundreds digit of 6085?
0
What is the ten thousands digit of 22730?
2
What is the tens digit of 15414?
1
What is the ten thousands digit of 22108?
2
What is the hundreds digit of 4178?
1
What is the tens digit of 5485?
8
What is the units digit of 110510?
0
What is the units digit of 24381?
1
What is the tens digit of 15556?
5
What is the thousands digit of 7816?
7
What is the units digit of 1905?
5
What is the units digit of 584?
4
What is the tens digit of 4884?
8
What is the thousands digit of 5442?
5
What is the tens digit of 1228?
2
What is the units digit of 648?
8
What is the units digit of 24451?
1
What is the units digit of 3710?
0
What is the hundreds digit of 44385?
3
What is the units digit of 16468?
8
What is the tens digit of 1449?
4
What is the units digit of 264?
4
What is the tens digit of 8180?
8
What is the tens digit of 11405?
0
What is the units digit of 37052?
2
What is the tens digit of 296?
9
What is the hundreds digit of 478?
4
What is the tens digit of 6383?
8
What is the hundreds digit of 2156?
1
What is the thousands digit of 39921?
9
What is the thousands digit of 41327?
1
What is the units digit of 123?
3
What is the units digit of 1537?
7
What is the tens digit of 2212?
1
What is the tens digit of 852?
5
What is the hundreds digit of 483?
4
What is the tens digit of 15587?
8
What is the thousands digit of 13175?
3
What is the units digit of 314?
4
What is the tens digit of 6496?
9
What is the ten thousands digit of 54364?
5
What is the units digit of 1722?
2
What is the tens digit of 146?
4
What is the hundreds digit of 164228?
2
What is the tens digit of 87562?
6
What is the hundreds digit of 761?
7
What is the units digit of 19602?
2
What is the ten thousands digit of 94469?
9
What is the tens digit of 2694?
9
What is the units digit of 303?
3
What is the hundreds digit of 390?
3
What is the thousands digit of 1907?
1
What is the tens digit of 6037?
3
What is the units digit of 565?
5
What is the units digit of 1484?
4
What is the tens digit of 576?